hat is the highest common factor of o and 264?
8
Let w(x) = 2*x**2 + 17*x - 46. Let q be w(10). What is the highest common divisor of 36 and q?
36
Suppose 2*w - 5 = -1. Suppose 0 = w*b - 5 - 5. Suppose 2*g - 4*i - 117 = 47, b*g + 5*i - 335 = 0. Calculate the greatest common divisor of 18 and g.
18
Let n = -4 - -17. Let k(o) = 117*o**3 + 4*o - 4. Let g be k(1). What is the greatest common factor of g and n?
13
Suppose -3*n - 44 = 25. Let m = n + 43. Let s = -8 - -68. Calculate the greatest common divisor of m and s.
20
Let i(l) = l**3 - 5*l**2 + l + 4. Let t be i(5). Let a be (-2)/t + 1902/54. Calculate the greatest common divisor of a and 14.
7
Suppose 4*b = -5*s + 7128, 73*b - 75*b + 3564 = s. What is the highest common factor of 22 and b?
22
Suppose 57 = -3*u - 33. Let c be (-44)/(-10) + 12/u. Suppose 4*g + g - 310 = 2*k, c*k + 236 = 4*g. Calculate the greatest common divisor of g and 16.
16
Let q be 3 + (4 + 32 - 9). Calculate the highest common factor of q and 2610.
30
Let z(t) = -9*t - 66. Let n be z(-12). Suppose 72 - n = o. Let m(w) = -w**2 - 8*w + 4. Let l be m(-4). Calculate the greatest common factor of l and o.
10
Let x = 328 - 528. Let l = x - -280. What is the highest common divisor of l and 32?
16
Let w be ((-16)/(-20))/((-2)/(-5)). Let t be 1/w + 213/6. Suppose -9*b + 72 = -3*b. What is the highest common factor of t and b?
12
Let k = -382 - -442. What is the greatest common factor of k and 345?
15
Let q be -155*(2 - 55/25). Let p = -60 + 35. Let u = q + p. What is the greatest common divisor of 9 and u?
3
Let l be (33 + 1 + 0)/(44/110). Let f(r) = 4*r - 15. Let t be f(8). Calculate the greatest common divisor of l and t.
17
Let u = 239 - 193. What is the greatest common divisor of u and 23?
23
Let q(m) = 1 - 12*m + 19*m - 3. Let s be q(3). What is the greatest common divisor of 133 and s?
19
Let x(f) be the first derivative of 5*f**4/4 - 3*f**2/2 + 2*f - 5. Let y be x(1). Suppose -30 = -y*v + 18. Calculate the highest common divisor of 60 and v.
12
Let n = -1418 + 1423. Calculate the greatest common factor of n and 4.
1
Suppose -436 - 14 = -9*m. Calculate the highest common divisor of m and 975.
25
Let j(i) = i**2 + 30*i + 77. Let z be j(-29). Calculate the greatest common divisor of 6 and z.
6
Suppose -n + r = -191, 5*n + 10*r - 8*r = 941. Calculate the highest common divisor of n and 7.
7
Let f(v) = -4*v - 53. Let t be f(9). Let s = t + 154. What is the highest common divisor of s and 26?
13
Let y be (1/1)/1 + 20/5. Suppose 5*q + 6*f - f = 90, y*q - 5*f - 90 = 0. What is the highest common factor of q and 9?
9
Let u(g) = -17*g - 69. Let y be u(-5). Suppose 3*f = d + 529, 4*d = -0*f - 2*f + 348. Calculate the greatest common factor of y and f.
16
Let t be (30 + (-2709)/86)*68/(-6). Let p = 130 + -62. What is the greatest common factor of p and t?
17
Suppose 0 = 25*b - 15*b - 20. Suppose -b*r - 120 = -8*r. Calculate the highest common divisor of 20 and r.
20
Let q(a) = -38 - 38 + 6*a + 126 - 28. Let n be q(-3). Let o be ((-2)/4)/((-2)/4). What is the highest common divisor of n and o?
1
Let p = -234 - -236. Calculate the greatest common divisor of p and 6.
2
Suppose 58 = 5*h - 7. Let g(z) = -6*z - z**2 + z + 0*z**2 - 7*z + 12. Let b be g(-9). What is the greatest common factor of h and b?
13
Let a be (0 + -1)/(2/(-12)). Let l be (2/(-3))/(a/(-207)). What is the highest common factor of l and 23?
23
Suppose -23*d - 44 = -25*d. Let f be (13 - 19)/(2/(-11)). Calculate the highest common divisor of f and d.
11
Let u = 380 - -145. What is the greatest common factor of u and 35?
35
Suppose 50*v + 135 = 55*v. What is the highest common factor of 18 and v?
9
Let z(b) = 3*b**2 + 3*b. Let n be z(-2). Let s be (-5)/((-15)/n) - -3. Suppose s*v - 54 - 11 = 0. Calculate the greatest common factor of 143 and v.
13
Let d be (-10)/55 + (-1410)/(-11). Let i = d - 68. Let v be ((-4)/10)/((-6)/i). What is the greatest common divisor of 40 and v?
4
Suppose -8*s = -7*s - 88. What is the greatest common divisor of s and 22?
22
Suppose -5*n - 3*c = -304, 4*n - 2*c - c - 254 = 0. Calculate the highest common divisor of n and 93.
31
Let i(q) = -5 + 22*q - 15*q - q**3 + 0*q**3 + 5*q**2. Let o be i(6). Let u be o/(-1)*(-3)/3. What is the greatest common divisor of u and 5?
1
Suppose -2*r - 2 = -6. Let x be 3 + r - 1/1. Suppose -15 = -21*g + 6*g. Calculate the highest common divisor of g and x.
1
Let j(p) = 4*p - 54. Let c be j(14). Calculate the greatest common divisor of c and 33.
1
Suppose -4*l + 387 + 69 = -4*n, -5*n = -3*l + 340. Calculate the greatest common factor of l and 46.
23
Suppose -21*q + 1936 = q. Suppose -5*w - 39 = -2*o, -o - 3*w + 69 = 2*o. Calculate the greatest common factor of o and q.
22
Let b(j) = 5*j**2 + 78*j + 113. Let k be b(-19). What is the highest common factor of 109 and k?
109
Let a = 756 - 281. Calculate the highest common divisor of 50 and a.
25
Suppose 3*x + 3*l = -0*l - 42, 5*x + 2*l = -61. Let y = x - -46. What is the highest common factor of y and 385?
35
Let x = 44 - 32. Suppose -17*v + x*v + 110 = 0. Calculate the highest common factor of 110 and v.
22
Suppose 176*k = 130 + 398. Let m(s) = s - 1. Let o be m(3). Suppose -4*p - g = -10, 0*p - o = -2*p - 2*g. What is the greatest common divisor of k and p?
3
Let p = -767 - -959. What is the greatest common divisor of 48 and p?
48
Suppose 4*h + 2*p + 4 = 0, 2*h - 8*p = -3*p + 10. Suppose -4*f - 2*r + 114 = h, -33 = 3*f - 4*f + r. What is the highest common factor of f and 12?
6
Suppose -7*c = -12*c + 180. What is the highest common divisor of 144 and c?
36
Suppose -3*l - 6*l + 2484 = 0. What is the greatest common factor of 736 and l?
92
Suppose 0 = -12*s + 8*s. Suppose 17*q - 20*q + 39 = s. Calculate the greatest common factor of 52 and q.
13
Let l = -82 - -115. Suppose 0 = 12*z - 801 + 141. Calculate the highest common factor of l and z.
11
Suppose -6*x = 3 - 21. Suppose 2*s = 5*f - 4*f - 30, -x*s = -6. What is the greatest common factor of f and 238?
34
Let a be 9/(-21) + 30*(-25)/(-35). Calculate the highest common factor of a and 336.
21
Let l be ((-8)/20)/(5/(-75)). What is the highest common divisor of 30 and l?
6
Let f = -511 + 520. What is the highest common factor of f and 12?
3
Suppose 7*x + 1565 - 1677 = 0. Calculate the highest common divisor of x and 472.
8
Suppose 0*q = -2*q + 130. Suppose -55 = -2*p + q. What is the greatest common divisor of p and 12?
12
Let t(l) be the second derivative of l**4/6 - 5*l**3/6 - 7*l**2 + 9*l. Let c be t(-6). Calculate the greatest common divisor of c and 8.
8
Let x be (9/15)/(7/1295). Let o = -104 + x. What is the greatest common factor of o and 77?
7
Suppose 5*k = -1 - 4. Let t be (k + 3 + -1)*0. Let f = 13 - t. Calculate the highest common divisor of f and 39.
13
Let q(b) = 9*b**2 + 19*b - 2. Let z be q(-5). Calculate the greatest common factor of 80 and z.
16
Let n = 854 + -852. Calculate the highest common divisor of 55 and n.
1
Let x(t) = 3*t**2 + 3*t + 16. Suppose 3*d + 12 = -2*j, -d + 4*d + 12 = 4*j. Let s be x(d). Calculate the highest common divisor of s and 13.
13
Let l(o) = o**2 - 2*o. Let v be l(4). Let a = 273 + -153. Suppose -3*u - 7*u = -a. Calculate the highest common divisor of u and v.
4
Suppose 0*t = 3*t + 4*d - 61, -t + d = -11. Let p = t - 10. Suppose 5*i - 65 = 2*b, p*i - 80 = b - 2*b. Calculate the highest common factor of 10 and i.
5
Let s be ((-418)/(-33))/((-4)/(-6)). What is the highest common divisor of 76 and s?
19
Let v be 2 + -1 - 2/2. Suppose 5*x + 2 = 3*x + 4*k, -k = v. Let o be (1/2)/(x/(-2)). Calculate the greatest common factor of o and 9.
1
Let l(q) = q**3 + 19*q**2 + 36. Let y be l(-19). Let a = y - -72. What is the highest common divisor of 9 and a?
9
Suppose -2*u + 13 = -7. Suppose 6*i - u = 32. Let h(k) = 5*k**3 - k**2 - 1. Let v be h(2). What is the greatest common divisor of i and v?
7
Let q = 261 - 126. Suppose -3*c + q = 2*c. Suppose 4*d = -2*f + 28, 3*d + 0*f = -3*f + 15. Calculate the greatest common factor of c and d.
9
Let a be 2/(-4)*-6 - -87. Let s = -22 + 7. Let i = -5 - s. What is the highest common divisor of i and a?
10
Let t(v) = v**3 + v**2 - v + 34. Let x be t(0). Let s = 82 - x. Calculate the greatest common factor of s and 16.
16
Suppose 191 = -5*l + 506. Let